er when 156122 is divided by 23.
21
What is the remainder when 61280 is divided by 26?
24
What is the remainder when 21116 is divided by 2334?
110
What is the remainder when 1886 is divided by 527?
305
What is the remainder when 47507 is divided by 214?
213
What is the remainder when 789486 is divided by 219?
210
Calculate the remainder when 5043 is divided by 5035.
8
What is the remainder when 2645496 is divided by 44?
40
Calculate the remainder when 2175 is divided by 161.
82
Calculate the remainder when 23563 is divided by 97.
89
What is the remainder when 7062 is divided by 277?
137
Calculate the remainder when 17133 is divided by 259.
39
What is the remainder when 50147 is divided by 59?
56
What is the remainder when 475751 is divided by 86?
85
What is the remainder when 43497 is divided by 87?
84
What is the remainder when 5145 is divided by 733?
14
Calculate the remainder when 6128 is divided by 6110.
18
What is the remainder when 3460 is divided by 16?
4
Calculate the remainder when 19942 is divided by 628.
474
Calculate the remainder when 123095 is divided by 16.
7
Calculate the remainder when 2581 is divided by 234.
7
Calculate the remainder when 29955 is divided by 5990.
5
What is the remainder when 10594 is divided by 1058?
14
Calculate the remainder when 116622 is divided by 107.
99
Calculate the remainder when 1075799 is divided by 299.
296
Calculate the remainder when 656489 is divided by 8638.
1
Calculate the remainder when 4941 is divided by 17.
11
What is the remainder when 9950 is divided by 312?
278
Calculate the remainder when 24733 is divided by 364.
345
Calculate the remainder when 95520 is divided by 57.
45
What is the remainder when 54178 is divided by 90?
88
Calculate the remainder when 8554 is divided by 23.
21
What is the remainder when 6749 is divided by 21?
8
Calculate the remainder when 3089498 is divided by 334.
332
Calculate the remainder when 12463 is divided by 32.
15
What is the remainder when 112906 is divided by 205?
156
Calculate the remainder when 6468 is divided by 175.
168
Calculate the remainder when 62246 is divided by 2963.
23
Calculate the remainder when 61103 is divided by 8728.
7
What is the remainder when 20741 is divided by 36?
5
What is the remainder when 126122 is divided by 33?
29
What is the remainder when 33251 is divided by 277?
11
What is the remainder when 7206 is divided by 64?
38
Calculate the remainder when 15879 is divided by 3861.
435
What is the remainder when 4146 is divided by 4?
2
What is the remainder when 71893 is divided by 5990?
13
Calculate the remainder when 23024 is divided by 29.
27
What is the remainder when 47565 is divided by 11880?
45
What is the remainder when 38605 is divided by 6433?
7
Calculate the remainder when 1131 is divided by 191.
176
What is the remainder when 32532 is divided by 8133?
0
What is the remainder when 11440 is divided by 98?
72
Calculate the remainder when 849613 is divided by 16.
13
Calculate the remainder when 27138 is divided by 9044.
6
Calculate the remainder when 504394 is divided by 130.
124
Calculate the remainder when 9779 is divided by 612.
599
What is the remainder when 6564 is divided by 6522?
42
Calculate the remainder when 69819 is divided by 158.
141
What is the remainder when 9377 is divided by 295?
232
What is the remainder when 14748 is divided by 737?
8
Calculate the remainder when 35087 is divided by 5842.
35
What is the remainder when 5603 is divided by 1825?
128
What is the remainder when 5493 is divided by 1078?
103
What is the remainder when 101862 is divided by 2829?
18
Calculate the remainder when 6317 is divided by 1893.
638
What is the remainder when 765949 is divided by 2503?
31
Calculate the remainder when 32624 is divided by 34.
18
Calculate the remainder when 7659 is divided by 2266.
861
Calculate the remainder when 10662 is divided by 381.
375
What is the remainder when 22927 is divided by 67?
13
Calculate the remainder when 1321712 is divided by 660854.
4
What is the remainder when 175056 is divided by 353?
321
What is the remainder when 31771 is divided by 73?
16
What is the remainder when 5479 is divided by 152?
7
Calculate the remainder when 5034 is divided by 123.
114
What is the remainder when 1510 is divided by 230?
130
Calculate the remainder when 9851 is divided by 53.
46
Calculate the remainder when 19891 is divided by 45.
1
What is the remainder when 112900 is divided by 37632?
4
What is the remainder when 1740406 is divided by 28?
10
Calculate the remainder when 259649 is divided by 6.
5
What is the remainder when 2453471 is divided by 18?
17
What is the remainder when 1989 is divided by 16?
5
What is the remainder when 36171 is divided by 92?
15
What is the remainder when 135800 is divided by 217?
175
Calculate the remainder when 4115 is divided by 149.
92
Calculate the remainder when 1877 is divided by 58.
21
What is the remainder when 292540 is divided by 146261?
18
Calculate the remainder when 4780 is divided by 7.
6
Calculate the remainder when 88948 is divided by 173.
26
What is the remainder when 1937 is divided by 1141?
796
What is the remainder when 96692 is divided by 357?
302
What is the remainder when 144868 is divided by 36?
4
What is the remainder when 662 is divided by 291?
80
Calculate the remainder when 5527 is divided by 1090.
77
Calculate the remainder when 87549 is divided by 1684.
1665
What is the remainder when 491943 is divided by 35?
18
Calculate the remainder when 876852 is divided by 62632.
4
Calculate the remainder when 67280 is divided by 3363.
20
Calculate the remainder when 11857 is divided by 207.
58
Calculate the remainder when 69331 is divided by 619.
3
Calculate the remainder when 587151 is divided by 105.
96
Calculate the remainder when 103471 is divided by 103459.
12
What is the remainder when 254536 is divided by 1943?
3
Calculate the remainder when 419462 is divided by 43.
40
What is the remainder when 26648 is divided by 1477?
62
What is the remainder when 5835 is divided by 82?
13
What is the remainder when 168671 is divided by 242?
239
What is the remainder when 333329 is divided by 111108?
5
What is the remainder when 3600 is divided by 25?
0
Calculate the remainder when 180577 is divided by 775.
2
What is the remainder when 656004 is divided by 193?
190
What is the remainder when 5421 is divided by 229?
154
Calculate the remainder when 37584 is divided by 214.
134
What is the remainder when 728415 is divided by 15?
0
Calculate the remainder when 51867 is divided by 19.
16
Calculate the remainder when 20954 is divided by 7.
3
Calculate the remainder when 11681 is divided by 562.
441
Calculate the remainder when 59738 is divided by 382.
146
Calculate the remainder when 31150 is divided by 15.
10
Calculate the remainder when 177545 is divided by 381.
380
Calculate the remainder when 183729 is divided by 6557.
133
Calculate the remainder when 6439 is divided by 2123.
70
What is the remainder when 985 is divided by 38?
35
Calculate the remainder when 100319 is divided by 285.
284
What is the remainder when 2694 is divided by 641?
130
What is the remainder when 124251 is divided by 41331?
258
Calculate the remainder when 34497 is divided by 190.
107
Calculate the remainder when 194605 is divided by 65.
60
Calculate the remainder when 47403 is divided by 14.
13
Calculate the remainder when 685787 is divided by 485.
482
Calculate the remainder when 6004 is divided by 209.
152
Calculate the remainder when 1424 is divided by 240.
224
Calculate the remainder when 1094398 is divided by 304.
302
What is the remainder when 1690 is divided by 128?
26
What is the remainder when 7661 is divided by 1090?
31
Calculate the remainder when 402686 is divided by 208.
206
Calculate the remainder when 23295 is divided by 448.
447
What is the remainder when 6315 is divided by 16?
11
Calculate the remainder when 9155 is divided by 14.
13
Calculate the remainder when 9264 is divided by 309.
303
What is the remainder when 20975 is divided by 2?
1
What is the remainder when 30481 is divided by 8?
1
Calculate the remainder when 723 is divided by 370.
353
Calculate the remainder when 154011 is divided by 261.
21
Calculate the remainder when 110080 is divided by 39.
22
What is the rema